-3*v - 3*j, -2*j - 8 = 5*v. Let f(q) = -q**3 - q**2 - 2*q - 3. Let r be f(v). Suppose -r*o = 5*d, 2*d - o = -0*d. Give n(d).
-14
Let n = 23 - -147. Let a = n + -166. Let y(t) = 4*t**3 - 4*t**2 + t + 2. Let f(h) = -5*h**3 + 4*h**2 - h - 2. Let v(q) = -3*f(q) - 4*y(q). Give v(a).
-6
Let p(z) = -3*z**2 + 57*z + 45. Suppose -103*w + 2640 = 580. Calculate p(w).
-15
Let v(k) = -8 - 3 + 0 - 155*k**3 + 154*k**3 - 8*k**2 - 1 - 7*k. Give v(-7).
-12
Let o(t) = 5*t + 28. Let g be o(-5). Let f be -1 - 6 - (g + 1 - 8). Let b(d) be the first derivative of d**3/3 + 5*d**2/2 + 3. Calculate b(f).
-6
Let k(n) = 37 + 39 - 79 + n. Calculate k(-7).
-10
Suppose -3*o = -t - 3, -2*t + 3*o - 11 = -5. Let v(u) be the third derivative of 0*u - 26 + 2/3*u**3 + 1/6*u**4 + 1/20*u**5 + 1/120*u**6 + 3*u**2. What is v(t)?
-8
Let g(a) = -168*a - 11*a**3 + 7*a**2 + 6 + 314*a - 159*a + 10*a**3. What is g(5)?
-9
Let c(a) = -a**2 - a + 55. Suppose 6*m + 2*o = -42, -3*m - 2*o - 27 = -6. What is c(m)?
13
Let b(k) = 7*k - 95. Let a be b(14). Suppose 4*j = 3*o + 43, -3*j + a*o = o - 31. Let m(f) = f + 1. Give m(j).
8
Suppose 10*v - 15*v + 85 = 0. Suppose -1 = 6*g + v. Let j(b) = -1 - b**2 + 3*b - 2*b + 0*b**2. Calculate j(g).
-13
Let g(t) = -3*t + 3. Suppose j - 393 = -5*y - j, 5*y - 5*j = 400. Let a = 83 - y. Suppose -s = 2*o - 2*s - 4, -a*o + 8 = 3*s. Determine g(o).
-3
Let g be (180/240)/((-2)/(-8)). Let j(u) = -4*u + 26. Determine j(g).
14
Let o(f) = -f + 16. Suppose 5 = -4*g - 15, 3*r + 50 = -4*g. Give o(r).
26
Suppose -230 - 167 = -86*l - 139. Let o(b) = -11*b + 41. Calculate o(l).
8
Let g(c) = -c + 13. Let b(s) = s - 15. Let u(t) = -6*b(t) - 7*g(t). Let m(o) be the first derivative of -o**2 + 7*o + 9. Let h be m(2). What is u(h)?
2
Suppose -1 = -c + 3*q, 3*c + 27*q = 26*q - 7. Let f(j) = -j**2 - 10*j - 19. What is f(c)?
-3
Let v(d) = -d**3 + 11*d**2 + d - 4. Let o(x) = 3*x + 38. Suppose -4*f - 194 + 158 = 0. Let b be o(f). Determine v(b).
7
Let s(t) = -t**3 + 5*t**2 + t - 5. Let n be 69/15 - 2/(-5). Let p be s(n). Let m(h) = 0 + h + p. Calculate m(7).
7
Let m(f) = 119*f**2 + 127*f**2 - 12*f - 247*f**2 - 13. Suppose -143 = 5*o - 88. Give m(o).
-2
Let d(j) = 18*j + 2. Let b be d(1). Suppose -b = 3*y - 26. Let m(l) = -7*l**2 + 13*l**y - l**3 - 8*l**2 - 1 - l. What is m(-2)?
1
Let j(m) = 505 + 176*m - 417*m + 235*m + 123*m - 6*m**2 + 4*m**2. Calculate j(-4).
5
Suppose 0 = 3*m - m - 5*x, m = x. Suppose -5*i - 4*u + 18 = m, 0 = -3*i + 2*i - 2*u. Let c(b) = -1 + 1 - b + 3. What is c(i)?
-3
Suppose 4*p = 4*s, -3*p = -p - 10. Let a = 70 - 42. Let t(h) = -1 - h + 6*h + h**3 - a*h**2 + 7 + 22*h**2. Determine t(s).
6
Let m be ((-6)/(-8))/(56/224). Let g(s) be the first derivative of 1/4*s**4 - 4/3*s**3 - m*s + 0*s**2 - 16. Calculate g(4).
-3
Suppose 0 = -20*k + 16*k + 3*r, k + 17 = 5*r. Let m(a) = -a**3 - 7*a**2 + 30*a - 6. What is m(k)?
-6
Let z(d) = -2*d**3 - 4*d**2 - 5*d + 11. Let y(h) = 4*h + 3*h - 16 + 0*h + 6*h**2 + 3*h**3. Let g(x) = 5*y(x) + 7*z(x). Suppose 7047*m = 7068*m + 63. Give g(m).
-12
Let h(v) = -24*v + 118. Let j = 18734 + -18728. What is h(j)?
-26
Let a(r) = r - 12. Let m(u) = u**3 - 5*u**2 - 26*u + 17. Let p be m(8). Let h be (-260)/(-26) + (p + -2 - -6). Give a(h).
3
Let l be (3/(-9))/(-1) + 3/(-9). Suppose l = 8*o - 5*o - 6. Let y(a) = 5*a + a**o - 13*a + 10 - a. Give y(7).
-4
Suppose 41*l = 8*g + 45*l + 28, 3*l = 5*g + 12. Let i(d) = 20*d + 6. Give i(g).
-54
Let x(n) = 94*n**3 - 42*n**2 + 25*n - 17. Let o(a) = -96*a**3 + 44*a**2 - 26*a + 18. Let v(t) = -21*o(t) - 22*x(t). Calculate v(-1).
52
Let z(f) = -3*f - 2. Let q(p) = -p - 1. Let k(l) = -17*q(l) + 6*z(l). Suppose 4*d = b - 1 - 7, 0 = 2*b + d - 7. Determine k(b).
1
Let h(o) = -o**3 + 6*o**2 - 11*o + 2. Suppose 5*s - 4*q + 33 - 30 = 0, -32 = -5*s - q. Calculate h(s).
-28
Let p(j) = 6*j + 2. Let g be p(0). Suppose 5*i - 4*k - 149 = 0, 120 = 2*i + g*i - 3*k. Let f(q) = 1 - 1 + i*q**2 - 35*q**2 + 1 - q. Give f(2).
-9
Let i = 12286 - 12276. Let f(j) = -9*j + 88. Calculate f(i).
-2
Let f(t) = -2*t**2 - 4*t - 2. Let s(x) = -5*x**3 + 2*x**2 - 2*x + 1. Let a(g) = 4*g - 111. Let c be a(28). Let q be s(c). Give f(q).
-18
Let g be (-20)/32*-16*5/10. Suppose h = -2*j - 2*j + 31, -g*j = 3*h - 58. Let v(m) = m**3 - 12*m**2 + 12*m - 11. What is v(h)?
0
Let d(i) = -53*i**2 - 6*i - 23. Let z(t) = 9*t**2. Let w(f) = d(f) + 6*z(f). What is w(9)?
4
Let a = 275 - 273. Let q(v) = 17*v - 16*v - 4 - v**a + v. Calculate q(5).
-19
Let y(i) = 4 - 17 - 10 + 2*i - 4*i. Let g(u) = -17*u + 2. Let r be g(1). Let v be y(r). Let z(q) = -q**2 + 9*q - 8. Determine z(v).
6
Suppose 860*r - 881*r = -63. Let s(v) = v**3 - 7*v + 1. What is s(r)?
7
Let m(t) be the third derivative of -t**6/360 + t**5/60 + t**4/12 - 70*t**3/3 - 2*t**2 - 34*t. Let i(f) be the first derivative of m(f). Calculate i(-2).
-6
Let t(s) be the second derivative of -s**5/20 + 2*s**4/3 - 7*s**3/2 + 53*s**2/2 - 1341*s + 3. Calculate t(6).
-1
Let k(x) = 4*x - 31. Let g = -2581 - -2599. Calculate k(g).
41
Let w(a) = 2*a**2 + 8*a + 1. Let d be -10 + (3 - (-36)/12). Give w(d).
1
Let d(y) = -75*y**3 - 9*y**2 + 2*y + 4. Let p(m) = -11*m**3 - m**2 + m + 1. Let j(r) = -d(r) + 7*p(r). What is j(-3)?
60
Let o = -68 + 71. Suppose 0 = -5*x + 5*c + 495, 0 = -x + o*x + 2*c - 182. Let j = -101 + x. Let q(u) = u**3 + 5*u**2 - 4*u - 7. Give q(j).
-19
Let a(r) be the first derivative of -r**4/12 + 5*r**3/3 + 54*r + 70. Let q(m) be the first derivative of a(m). What is q(8)?
16
Let f(u) be the second derivative of -u**4/12 + 19*u**3/6 + 58*u**2 + 3*u - 1137. What is f(-5)?
-4
Suppose -91*v - 1640 - 625 = 1011. Let g(f) = -f**3 - 33*f**2 + 111*f + 108. Determine g(v).
0
Suppose -5*a = o + 4*o + 55, 5*a = 3*o - 7. Let f(h) be the third derivative of 1/60*h**5 + 0 + 0*h + 7/24*h**4 + 1/2*h**3 + 77*h**2. Determine f(o).
-3
Let f be (-3)/(-12)*4 - (-26)/(-2). Let v = f + 18. Let o(a) = -a + 12. Calculate o(v).
6
Let k(u) = 8*u + 2. Suppose -5*r + 16 = -2*h, 3*h + 3*r - 8*r + 19 = 0. Let x be (-5)/(-2)*(3 + -2 + h). Determine k(x).
-38
Let g(p) be the third derivative of -p**4/8 + 17*p**3/6 - 831*p**2. Calculate g(9).
-10
Let w(k) = 9*k + 5 - 4*k + k**3 - 3*k**2 + 9*k**2. Let m = -290 + 312. Suppose -15*g + 35 = -m*g. Give w(g).
5
Let r(v) = v**2 + v + 5. Let w(u) = -u**2 - 2*u - 5. Let g(t) = 5*r(t) + 6*w(t). Let x(q) = -q**3 - 8*q**2 + 5*q - 40. Let m be x(-9). Give g(m).
7
Suppose -29*a + 39 = -16*a. Let h(o) = 714*o**3 - 713*o**3 - 3*o - 3*o**2 + 0*o**2 + 1. Determine h(a).
-8
Suppose 5*r - 5*b - 7 - 18 = 0, 0 = -4*r - 3*b + 6. Let h(z) = r - 2*z + 4 - 14 + z. What is h(-7)?
0
Let z(a) be the second derivative of a**3 - 19*a**2/2 - 45*a + 13. Calculate z(3).
-1
Let m(j) = -4*j**3 - 2*j**2 + 13*j + 9. Let p(c) = 5*c**3 + 2*c**2 - 14*c - 10. Let s(b) = -4*m(b) - 3*p(b). What is s(-4)?
2
Let h(l) = -l**2 + 36*l - 97. Let y(c) = -4*c**2 + 201*c - 212. Let f be y(49). Calculate h(f).
2
Let a(l) = l**2 + 362*l - 725*l + 361*l - 1. Suppose -3*t = 4*t - 21. Suppose 4*u = 2*y - 2, t*u + 2*y = -8 + 3. Give a(u).
2
Let z(a) = 2*a - 77. Suppose 461*m - 294 = 447*m. What is z(m)?
-35
Let c(z) be the second derivative of -z**5/60 + 17*z**4/24 - 10*z**3 - 93*z - 1. Let v(o) be the second derivative of c(o). Calculate v(13).
-9
Let q(v) be the first derivative of -v**4/4 - 61*v**3/3 + 29*v**2 - 251*v + 386. Give q(-62).
-3
Let t(g) = 41 - 4*g - 37 - 4*g. Suppose 3*s - 3*v + 436 = -4*v, 5*v + 20 = 0. Let x be (-2)/10 - s/45. Give t(x).
-20
Let n = -14036 - -14047. Let g(a) = -a**3 + 8*a**2 + 32*a + 17. What is g(n)?
6
Let v(x) = 4*x**3 + 26*x**2 + 15*x + 16. Let w be v(-6). Let f(k) = -12*k. Calculate f(w).
24
Let z(f) be the second derivative of 1/3*f**3 + 0 + 65*f - 3*f**2. Determine z(4).
2
Let o = -4705 - -4709. Let u(f) = 5*f**2 + 5*f - 2. Determine u(o).
98
Let x(d) = -d**3 + 9*d**2 - d. Let z(s) = s**3 + 2*s**2 - 3*s + 199. Let k be z(0). Let q = 208 - k. Calculate x(q).
-9
Let y(n) = -96 - 97 - 3*n**2 + 278 - 86 + 9*n. What is y(2)?
5
Let k(m) = -11*m**2 - 91*m - 39. Let d(o) = 4*o**2 + 32*o + 13. Let r(i) = 17*d(i) + 6*k(i). Give r(-3).
11
Suppose -2*d - 5*h - 31 = -98, 2*d - 91 = 3*h. Let f(v) = 21*v**2 + 19*v**2 - d*v**2 + 8 - 9*v. Give f(-9).
8
Suppose 0 = -7*b + 5*b + 4. Let q be (2/b)/((-6)/12). Let m b